{"id":1405,"date":"2023-07-17T13:52:43","date_gmt":"2023-07-17T12:52:43","guid":{"rendered":"https:\/\/www.vivrelagratuite.ch\/?page_id=1405"},"modified":"2026-02-28T12:28:39","modified_gmt":"2026-02-28T11:28:39","slug":"archives","status":"publish","type":"page","link":"https:\/\/www.vivrelagratuite.ch\/?page_id=1405","title":{"rendered":"Les march\u00e9s gratuits"},"content":{"rendered":"\n<p>Les prochains march\u00e9s gratuits auront lieu sous la Grenette, \u00e0 la place du march\u00e9 de Vevey :<\/p>\n\n\n\n<ul class=\"wp-block-list\">\n<li><strong>Dimanche 29 mars 2026 de 10h \u00e0 12h<\/strong><\/li>\n\n\n\n<li><strong>Dimanche 31 mai 2026 de 10h \u00e0 12h<\/strong><\/li>\n\n\n\n<li><strong>Dimanche 30 ao\u00fbt 2026 de 10h \u00e0 12h<\/strong><\/li>\n\n\n\n<li><strong>Dimanche 29 novembre 2026 de 10h \u00e0 12h<\/strong><\/li>\n<\/ul>\n\n\n\n<h2 class=\"wp-block-heading\">Galerie photo<\/h2>\n\n\n\n<figure class=\"wp-block-gallery has-nested-images columns-default is-cropped wp-block-gallery-1 is-layout-flex wp-block-gallery-is-layout-flex\">\n<figure class=\"wp-block-image size-large\"><a href=\"https:\/\/www.vivrelagratuite.ch\/wp-content\/uploads\/2023\/07\/20230312_101034-scaled.jpg\"><img loading=\"lazy\" decoding=\"async\" width=\"1024\" height=\"768\" data-id=\"1461\" src=\"https:\/\/www.vivrelagratuite.ch\/wp-content\/uploads\/2023\/07\/20230312_101034-1024x768.jpg\" alt=\"\" class=\"wp-image-1461\" srcset=\"https:\/\/www.vivrelagratuite.ch\/wp-content\/uploads\/2023\/07\/20230312_101034-1024x768.jpg 1024w, https:\/\/www.vivrelagratuite.ch\/wp-content\/uploads\/2023\/07\/20230312_101034-300x225.jpg 300w, https:\/\/www.vivrelagratuite.ch\/wp-content\/uploads\/2023\/07\/20230312_101034-768x576.jpg 768w, https:\/\/www.vivrelagratuite.ch\/wp-content\/uploads\/2023\/07\/20230312_101034-1536x1152.jpg 1536w, https:\/\/www.vivrelagratuite.ch\/wp-content\/uploads\/2023\/07\/20230312_101034-2048x1536.jpg 2048w, https:\/\/www.vivrelagratuite.ch\/wp-content\/uploads\/2023\/07\/20230312_101034-1170x878.jpg 1170w\" sizes=\"auto, (max-width: 1024px) 100vw, 1024px\" \/><\/a><\/figure>\n\n\n\n<figure class=\"wp-block-image size-large\"><a href=\"https:\/\/www.vivrelagratuite.ch\/wp-content\/uploads\/2023\/07\/20230618_102018-1-scaled.jpg\"><img loading=\"lazy\" decoding=\"async\" width=\"1024\" height=\"768\" data-id=\"1443\" src=\"https:\/\/www.vivrelagratuite.ch\/wp-content\/uploads\/2023\/07\/20230618_102018-1-1024x768.jpg\" alt=\"\" class=\"wp-image-1443\" srcset=\"https:\/\/www.vivrelagratuite.ch\/wp-content\/uploads\/2023\/07\/20230618_102018-1-1024x768.jpg 1024w, https:\/\/www.vivrelagratuite.ch\/wp-content\/uploads\/2023\/07\/20230618_102018-1-300x225.jpg 300w, https:\/\/www.vivrelagratuite.ch\/wp-content\/uploads\/2023\/07\/20230618_102018-1-768x576.jpg 768w, https:\/\/www.vivrelagratuite.ch\/wp-content\/uploads\/2023\/07\/20230618_102018-1-1536x1152.jpg 1536w, https:\/\/www.vivrelagratuite.ch\/wp-content\/uploads\/2023\/07\/20230618_102018-1-2048x1536.jpg 2048w, https:\/\/www.vivrelagratuite.ch\/wp-content\/uploads\/2023\/07\/20230618_102018-1-1170x878.jpg 1170w\" sizes=\"auto, (max-width: 1024px) 100vw, 1024px\" \/><\/a><\/figure>\n\n\n\n<figure class=\"wp-block-image size-large\"><a href=\"https:\/\/www.vivrelagratuite.ch\/wp-content\/uploads\/2023\/07\/20230618_102030-scaled.jpg\"><img loading=\"lazy\" decoding=\"async\" width=\"1024\" height=\"768\" data-id=\"1436\" src=\"https:\/\/www.vivrelagratuite.ch\/wp-content\/uploads\/2023\/07\/20230618_102030-1024x768.jpg\" alt=\"\" class=\"wp-image-1436\" srcset=\"https:\/\/www.vivrelagratuite.ch\/wp-content\/uploads\/2023\/07\/20230618_102030-1024x768.jpg 1024w, https:\/\/www.vivrelagratuite.ch\/wp-content\/uploads\/2023\/07\/20230618_102030-300x225.jpg 300w, https:\/\/www.vivrelagratuite.ch\/wp-content\/uploads\/2023\/07\/20230618_102030-768x576.jpg 768w, https:\/\/www.vivrelagratuite.ch\/wp-content\/uploads\/2023\/07\/20230618_102030-1536x1152.jpg 1536w, https:\/\/www.vivrelagratuite.ch\/wp-content\/uploads\/2023\/07\/20230618_102030-2048x1536.jpg 2048w, https:\/\/www.vivrelagratuite.ch\/wp-content\/uploads\/2023\/07\/20230618_102030-1170x878.jpg 1170w\" sizes=\"auto, (max-width: 1024px) 100vw, 1024px\" \/><\/a><\/figure>\n\n\n\n<figure class=\"wp-block-image size-large\"><a href=\"https:\/\/www.vivrelagratuite.ch\/wp-content\/uploads\/2023\/07\/IMG-20230618-WA0006.jpg\"><img loading=\"lazy\" decoding=\"async\" width=\"1024\" height=\"768\" data-id=\"1425\" src=\"https:\/\/www.vivrelagratuite.ch\/wp-content\/uploads\/2023\/07\/IMG-20230618-WA0006.jpg\" alt=\"\" class=\"wp-image-1425\" srcset=\"https:\/\/www.vivrelagratuite.ch\/wp-content\/uploads\/2023\/07\/IMG-20230618-WA0006.jpg 1024w, https:\/\/www.vivrelagratuite.ch\/wp-content\/uploads\/2023\/07\/IMG-20230618-WA0006-300x225.jpg 300w, https:\/\/www.vivrelagratuite.ch\/wp-content\/uploads\/2023\/07\/IMG-20230618-WA0006-768x576.jpg 768w\" sizes=\"auto, (max-width: 1024px) 100vw, 1024px\" \/><\/a><\/figure>\n\n\n\n<figure class=\"wp-block-image size-large\"><a href=\"https:\/\/www.vivrelagratuite.ch\/wp-content\/uploads\/2023\/07\/Image_1.jpg\"><img loading=\"lazy\" decoding=\"async\" width=\"723\" height=\"900\" data-id=\"1420\" src=\"https:\/\/www.vivrelagratuite.ch\/wp-content\/uploads\/2023\/07\/Image_1.jpg\" alt=\"\" class=\"wp-image-1420\" srcset=\"https:\/\/www.vivrelagratuite.ch\/wp-content\/uploads\/2023\/07\/Image_1.jpg 723w, https:\/\/www.vivrelagratuite.ch\/wp-content\/uploads\/2023\/07\/Image_1-241x300.jpg 241w\" sizes=\"auto, (max-width: 723px) 100vw, 723px\" \/><\/a><\/figure>\n<\/figure>\n","protected":false},"excerpt":{"rendered":"<p>Les prochains march\u00e9s gratuits auront lieu sous la Grenette, \u00e0 la place du march\u00e9 de Vevey : Galerie photo<\/p>\n","protected":false},"author":3,"featured_media":0,"parent":0,"menu_order":20,"comment_status":"closed","ping_status":"closed","template":"","meta":{"footnotes":""},"class_list":["post-1405","page","type-page","status-publish","hentry"],"yoast_head":"<!-- This site is optimized with the Yoast SEO plugin v22.8 - https:\/\/yoast.com\/wordpress\/plugins\/seo\/ -->\n<title>Les march\u00e9s gratuits - Viv(r)e la gratuit\u00e9<\/title>\n<meta name=\"robots\" content=\"index, follow, max-snippet:-1, max-image-preview:large, max-video-preview:-1\" \/>\n<link rel=\"canonical\" href=\"https:\/\/www.vivrelagratuite.ch\/?page_id=1405\" \/>\n<meta property=\"og:locale\" content=\"fr_FR\" \/>\n<meta property=\"og:type\" content=\"article\" \/>\n<meta property=\"og:title\" content=\"Les march\u00e9s gratuits - Viv(r)e la gratuit\u00e9\" \/>\n<meta property=\"og:description\" content=\"Les prochains march\u00e9s gratuits auront lieu sous la Grenette, \u00e0 la place du march\u00e9 de Vevey : Galerie photo\" \/>\n<meta property=\"og:url\" content=\"https:\/\/www.vivrelagratuite.ch\/?page_id=1405\" \/>\n<meta property=\"og:site_name\" content=\"Viv(r)e la gratuit\u00e9\" \/>\n<meta property=\"article:modified_time\" content=\"2026-02-28T11:28:39+00:00\" \/>\n<meta property=\"og:image\" content=\"https:\/\/www.vivrelagratuite.ch\/wp-content\/uploads\/2023\/07\/20230312_101034-1024x768.jpg\" \/>\n<meta name=\"twitter:label1\" content=\"Dur\u00e9e de lecture estim\u00e9e\" \/>\n\t<meta name=\"twitter:data1\" content=\"2 minutes\" \/>\n<script type=\"application\/ld+json\" class=\"yoast-schema-graph\">{\"@context\":\"https:\/\/schema.org\",\"@graph\":[{\"@type\":\"WebPage\",\"@id\":\"https:\/\/www.vivrelagratuite.ch\/?page_id=1405\",\"url\":\"https:\/\/www.vivrelagratuite.ch\/?page_id=1405\",\"name\":\"Les march\u00e9s gratuits - Viv(r)e la gratuit\u00e9\",\"isPartOf\":{\"@id\":\"https:\/\/www.vivrelagratuite.ch\/#website\"},\"primaryImageOfPage\":{\"@id\":\"https:\/\/www.vivrelagratuite.ch\/?page_id=1405#primaryimage\"},\"image\":{\"@id\":\"https:\/\/www.vivrelagratuite.ch\/?page_id=1405#primaryimage\"},\"thumbnailUrl\":\"https:\/\/www.vivrelagratuite.ch\/wp-content\/uploads\/2023\/07\/20230312_101034-1024x768.jpg\",\"datePublished\":\"2023-07-17T12:52:43+00:00\",\"dateModified\":\"2026-02-28T11:28:39+00:00\",\"breadcrumb\":{\"@id\":\"https:\/\/www.vivrelagratuite.ch\/?page_id=1405#breadcrumb\"},\"inLanguage\":\"fr-FR\",\"potentialAction\":[{\"@type\":\"ReadAction\",\"target\":[\"https:\/\/www.vivrelagratuite.ch\/?page_id=1405\"]}]},{\"@type\":\"ImageObject\",\"inLanguage\":\"fr-FR\",\"@id\":\"https:\/\/www.vivrelagratuite.ch\/?page_id=1405#primaryimage\",\"url\":\"https:\/\/www.vivrelagratuite.ch\/wp-content\/uploads\/2023\/07\/20230312_101034-scaled.jpg\",\"contentUrl\":\"https:\/\/www.vivrelagratuite.ch\/wp-content\/uploads\/2023\/07\/20230312_101034-scaled.jpg\",\"width\":2560,\"height\":1920},{\"@type\":\"BreadcrumbList\",\"@id\":\"https:\/\/www.vivrelagratuite.ch\/?page_id=1405#breadcrumb\",\"itemListElement\":[{\"@type\":\"ListItem\",\"position\":1,\"name\":\"Accueil\",\"item\":\"https:\/\/www.vivrelagratuite.ch\/\"},{\"@type\":\"ListItem\",\"position\":2,\"name\":\"Les march\u00e9s gratuits\"}]},{\"@type\":\"WebSite\",\"@id\":\"https:\/\/www.vivrelagratuite.ch\/#website\",\"url\":\"https:\/\/www.vivrelagratuite.ch\/\",\"name\":\"Viv(r)e la gratuit\u00e9\",\"description\":\"Organisateurs des march\u00e9s gratuits \u00e0 Vevey\",\"potentialAction\":[{\"@type\":\"SearchAction\",\"target\":{\"@type\":\"EntryPoint\",\"urlTemplate\":\"https:\/\/www.vivrelagratuite.ch\/?s={search_term_string}\"},\"query-input\":\"required name=search_term_string\"}],\"inLanguage\":\"fr-FR\"}]}<\/script>\n<!-- \/ Yoast SEO plugin. -->","yoast_head_json":{"title":"Les march\u00e9s gratuits - Viv(r)e la gratuit\u00e9","robots":{"index":"index","follow":"follow","max-snippet":"max-snippet:-1","max-image-preview":"max-image-preview:large","max-video-preview":"max-video-preview:-1"},"canonical":"https:\/\/www.vivrelagratuite.ch\/?page_id=1405","og_locale":"fr_FR","og_type":"article","og_title":"Les march\u00e9s gratuits - Viv(r)e la gratuit\u00e9","og_description":"Les prochains march\u00e9s gratuits auront lieu sous la Grenette, \u00e0 la place du march\u00e9 de Vevey : Galerie photo","og_url":"https:\/\/www.vivrelagratuite.ch\/?page_id=1405","og_site_name":"Viv(r)e la gratuit\u00e9","article_modified_time":"2026-02-28T11:28:39+00:00","og_image":[{"url":"https:\/\/www.vivrelagratuite.ch\/wp-content\/uploads\/2023\/07\/20230312_101034-1024x768.jpg"}],"twitter_misc":{"Dur\u00e9e de lecture estim\u00e9e":"2 minutes"},"schema":{"@context":"https:\/\/schema.org","@graph":[{"@type":"WebPage","@id":"https:\/\/www.vivrelagratuite.ch\/?page_id=1405","url":"https:\/\/www.vivrelagratuite.ch\/?page_id=1405","name":"Les march\u00e9s gratuits - Viv(r)e la gratuit\u00e9","isPartOf":{"@id":"https:\/\/www.vivrelagratuite.ch\/#website"},"primaryImageOfPage":{"@id":"https:\/\/www.vivrelagratuite.ch\/?page_id=1405#primaryimage"},"image":{"@id":"https:\/\/www.vivrelagratuite.ch\/?page_id=1405#primaryimage"},"thumbnailUrl":"https:\/\/www.vivrelagratuite.ch\/wp-content\/uploads\/2023\/07\/20230312_101034-1024x768.jpg","datePublished":"2023-07-17T12:52:43+00:00","dateModified":"2026-02-28T11:28:39+00:00","breadcrumb":{"@id":"https:\/\/www.vivrelagratuite.ch\/?page_id=1405#breadcrumb"},"inLanguage":"fr-FR","potentialAction":[{"@type":"ReadAction","target":["https:\/\/www.vivrelagratuite.ch\/?page_id=1405"]}]},{"@type":"ImageObject","inLanguage":"fr-FR","@id":"https:\/\/www.vivrelagratuite.ch\/?page_id=1405#primaryimage","url":"https:\/\/www.vivrelagratuite.ch\/wp-content\/uploads\/2023\/07\/20230312_101034-scaled.jpg","contentUrl":"https:\/\/www.vivrelagratuite.ch\/wp-content\/uploads\/2023\/07\/20230312_101034-scaled.jpg","width":2560,"height":1920},{"@type":"BreadcrumbList","@id":"https:\/\/www.vivrelagratuite.ch\/?page_id=1405#breadcrumb","itemListElement":[{"@type":"ListItem","position":1,"name":"Accueil","item":"https:\/\/www.vivrelagratuite.ch\/"},{"@type":"ListItem","position":2,"name":"Les march\u00e9s gratuits"}]},{"@type":"WebSite","@id":"https:\/\/www.vivrelagratuite.ch\/#website","url":"https:\/\/www.vivrelagratuite.ch\/","name":"Viv(r)e la gratuit\u00e9","description":"Organisateurs des march\u00e9s gratuits \u00e0 Vevey","potentialAction":[{"@type":"SearchAction","target":{"@type":"EntryPoint","urlTemplate":"https:\/\/www.vivrelagratuite.ch\/?s={search_term_string}"},"query-input":"required name=search_term_string"}],"inLanguage":"fr-FR"}]}},"_links":{"self":[{"href":"https:\/\/www.vivrelagratuite.ch\/index.php?rest_route=\/wp\/v2\/pages\/1405","targetHints":{"allow":["GET"]}}],"collection":[{"href":"https:\/\/www.vivrelagratuite.ch\/index.php?rest_route=\/wp\/v2\/pages"}],"about":[{"href":"https:\/\/www.vivrelagratuite.ch\/index.php?rest_route=\/wp\/v2\/types\/page"}],"author":[{"embeddable":true,"href":"https:\/\/www.vivrelagratuite.ch\/index.php?rest_route=\/wp\/v2\/users\/3"}],"replies":[{"embeddable":true,"href":"https:\/\/www.vivrelagratuite.ch\/index.php?rest_route=%2Fwp%2Fv2%2Fcomments&post=1405"}],"version-history":[{"count":15,"href":"https:\/\/www.vivrelagratuite.ch\/index.php?rest_route=\/wp\/v2\/pages\/1405\/revisions"}],"predecessor-version":[{"id":1648,"href":"https:\/\/www.vivrelagratuite.ch\/index.php?rest_route=\/wp\/v2\/pages\/1405\/revisions\/1648"}],"wp:attachment":[{"href":"https:\/\/www.vivrelagratuite.ch\/index.php?rest_route=%2Fwp%2Fv2%2Fmedia&parent=1405"}],"curies":[{"name":"wp","href":"https:\/\/api.w.org\/{rel}","templated":true}]}}

Les marchés gratuits

<p>Les prochains marchés gratuits auront lieu sous la Grenette, à la place du marché de Vevey :</p>



<ul class="wp-block-list">
<li><strong>Dimanche 29 mars 2026 de 10h à 12h</strong></li>



<li><strong>Dimanche 31 mai 2026 de 10h à 12h</strong></li>



<li><strong>Dimanche 30 août 2026 de 10h à 12h</strong></li>



<li><strong>Dimanche 29 novembre 2026 de 10h à 12h</strong></li>
</ul>



<h2 class="wp-block-heading">Galerie photo</h2>



<figure class="wp-block-gallery has-nested-images columns-default is-cropped wp-block-gallery-1 is-layout-flex wp-block-gallery-is-layout-flex">
<figure class="wp-block-image size-large"><a href="https://www.vivrelagratuite.ch/wp-content/uploads/2023/07/20230312_101034-scaled.jpg"><img loading="lazy" decoding="async" width="1024" height="768" data-id="1461" src="https://www.vivrelagratuite.ch/wp-content/uploads/2023/07/20230312_101034-1024x768.jpg" alt="" class="wp-image-1461" srcset="https://www.vivrelagratuite.ch/wp-content/uploads/2023/07/20230312_101034-1024x768.jpg 1024w, https://www.vivrelagratuite.ch/wp-content/uploads/2023/07/20230312_101034-300x225.jpg 300w, https://www.vivrelagratuite.ch/wp-content/uploads/2023/07/20230312_101034-768x576.jpg 768w, https://www.vivrelagratuite.ch/wp-content/uploads/2023/07/20230312_101034-1536x1152.jpg 1536w, https://www.vivrelagratuite.ch/wp-content/uploads/2023/07/20230312_101034-2048x1536.jpg 2048w, https://www.vivrelagratuite.ch/wp-content/uploads/2023/07/20230312_101034-1170x878.jpg 1170w" sizes="auto, (max-width: 1024px) 100vw, 1024px" /></a></figure>



<figure class="wp-block-image size-large"><a href="https://www.vivrelagratuite.ch/wp-content/uploads/2023/07/20230618_102018-1-scaled.jpg"><img loading="lazy" decoding="async" width="1024" height="768" data-id="1443" src="https://www.vivrelagratuite.ch/wp-content/uploads/2023/07/20230618_102018-1-1024x768.jpg" alt="" class="wp-image-1443" srcset="https://www.vivrelagratuite.ch/wp-content/uploads/2023/07/20230618_102018-1-1024x768.jpg 1024w, https://www.vivrelagratuite.ch/wp-content/uploads/2023/07/20230618_102018-1-300x225.jpg 300w, https://www.vivrelagratuite.ch/wp-content/uploads/2023/07/20230618_102018-1-768x576.jpg 768w, https://www.vivrelagratuite.ch/wp-content/uploads/2023/07/20230618_102018-1-1536x1152.jpg 1536w, https://www.vivrelagratuite.ch/wp-content/uploads/2023/07/20230618_102018-1-2048x1536.jpg 2048w, https://www.vivrelagratuite.ch/wp-content/uploads/2023/07/20230618_102018-1-1170x878.jpg 1170w" sizes="auto, (max-width: 1024px) 100vw, 1024px" /></a></figure>



<figure class="wp-block-image size-large"><a href="https://www.vivrelagratuite.ch/wp-content/uploads/2023/07/20230618_102030-scaled.jpg"><img loading="lazy" decoding="async" width="1024" height="768" data-id="1436" src="https://www.vivrelagratuite.ch/wp-content/uploads/2023/07/20230618_102030-1024x768.jpg" alt="" class="wp-image-1436" srcset="https://www.vivrelagratuite.ch/wp-content/uploads/2023/07/20230618_102030-1024x768.jpg 1024w, https://www.vivrelagratuite.ch/wp-content/uploads/2023/07/20230618_102030-300x225.jpg 300w, https://www.vivrelagratuite.ch/wp-content/uploads/2023/07/20230618_102030-768x576.jpg 768w, https://www.vivrelagratuite.ch/wp-content/uploads/2023/07/20230618_102030-1536x1152.jpg 1536w, https://www.vivrelagratuite.ch/wp-content/uploads/2023/07/20230618_102030-2048x1536.jpg 2048w, https://www.vivrelagratuite.ch/wp-content/uploads/2023/07/20230618_102030-1170x878.jpg 1170w" sizes="auto, (max-width: 1024px) 100vw, 1024px" /></a></figure>



<figure class="wp-block-image size-large"><a href="https://www.vivrelagratuite.ch/wp-content/uploads/2023/07/IMG-20230618-WA0006.jpg"><img loading="lazy" decoding="async" width="1024" height="768" data-id="1425" src="https://www.vivrelagratuite.ch/wp-content/uploads/2023/07/IMG-20230618-WA0006.jpg" alt="" class="wp-image-1425" srcset="https://www.vivrelagratuite.ch/wp-content/uploads/2023/07/IMG-20230618-WA0006.jpg 1024w, https://www.vivrelagratuite.ch/wp-content/uploads/2023/07/IMG-20230618-WA0006-300x225.jpg 300w, https://www.vivrelagratuite.ch/wp-content/uploads/2023/07/IMG-20230618-WA0006-768x576.jpg 768w" sizes="auto, (max-width: 1024px) 100vw, 1024px" /></a></figure>



<figure class="wp-block-image size-large"><a href="https://www.vivrelagratuite.ch/wp-content/uploads/2023/07/Image_1.jpg"><img loading="lazy" decoding="async" width="723" height="900" data-id="1420" src="https://www.vivrelagratuite.ch/wp-content/uploads/2023/07/Image_1.jpg" alt="" class="wp-image-1420" srcset="https://www.vivrelagratuite.ch/wp-content/uploads/2023/07/Image_1.jpg 723w, https://www.vivrelagratuite.ch/wp-content/uploads/2023/07/Image_1-241x300.jpg 241w" sizes="auto, (max-width: 723px) 100vw, 723px" /></a></figure>
</figure>

<p>Les prochains marchés gratuits auront lieu sous la Grenette, à la place du marché de Vevey : Galerie photo</p>

<!-- This site is optimized with the Yoast SEO plugin v22.8 - https://yoast.com/wordpress/plugins/seo/ -->
<title>Les marchés gratuits - Viv(r)e la gratuité</title>
<meta name="robots" content="index, follow, max-snippet:-1, max-image-preview:large, max-video-preview:-1" />
<link rel="canonical" href="https://www.vivrelagratuite.ch/?page_id=1405" />
<meta property="og:locale" content="fr_FR" />
<meta property="og:type" content="article" />
<meta property="og:title" content="Les marchés gratuits - Viv(r)e la gratuité" />
<meta property="og:description" content="Les prochains marchés gratuits auront lieu sous la Grenette, à la place du marché de Vevey : Galerie photo" />
<meta property="og:url" content="https://www.vivrelagratuite.ch/?page_id=1405" />
<meta property="og:site_name" content="Viv(r)e la gratuité" />
<meta property="article:modified_time" content="2026-02-28T11:28:39+00:00" />
<meta property="og:image" content="https://www.vivrelagratuite.ch/wp-content/uploads/2023/07/20230312_101034-1024x768.jpg" />
<meta name="twitter:label1" content="Durée de lecture estimée" />
	<meta name="twitter:data1" content="2 minutes" />
<script type="application/ld+json" class="yoast-schema-graph">{"@context":"https://schema.org","@graph":[{"@type":"WebPage","@id":"https://www.vivrelagratuite.ch/?page_id=1405","url":"https://www.vivrelagratuite.ch/?page_id=1405","name":"Les marchés gratuits - Viv(r)e la gratuité","isPartOf":{"@id":"https://www.vivrelagratuite.ch/#website"},"primaryImageOfPage":{"@id":"https://www.vivrelagratuite.ch/?page_id=1405#primaryimage"},"image":{"@id":"https://www.vivrelagratuite.ch/?page_id=1405#primaryimage"},"thumbnailUrl":"https://www.vivrelagratuite.ch/wp-content/uploads/2023/07/20230312_101034-1024x768.jpg","datePublished":"2023-07-17T12:52:43+00:00","dateModified":"2026-02-28T11:28:39+00:00","breadcrumb":{"@id":"https://www.vivrelagratuite.ch/?page_id=1405#breadcrumb"},"inLanguage":"fr-FR","potentialAction":[{"@type":"ReadAction","target":["https://www.vivrelagratuite.ch/?page_id=1405"]}]},{"@type":"ImageObject","inLanguage":"fr-FR","@id":"https://www.vivrelagratuite.ch/?page_id=1405#primaryimage","url":"https://www.vivrelagratuite.ch/wp-content/uploads/2023/07/20230312_101034-scaled.jpg","contentUrl":"https://www.vivrelagratuite.ch/wp-content/uploads/2023/07/20230312_101034-scaled.jpg","width":2560,"height":1920},{"@type":"BreadcrumbList","@id":"https://www.vivrelagratuite.ch/?page_id=1405#breadcrumb","itemListElement":[{"@type":"ListItem","position":1,"name":"Accueil","item":"https://www.vivrelagratuite.ch/"},{"@type":"ListItem","position":2,"name":"Les marchés gratuits"}]},{"@type":"WebSite","@id":"https://www.vivrelagratuite.ch/#website","url":"https://www.vivrelagratuite.ch/","name":"Viv(r)e la gratuité","description":"Organisateurs des marchés gratuits à Vevey","potentialAction":[{"@type":"SearchAction","target":{"@type":"EntryPoint","urlTemplate":"https://www.vivrelagratuite.ch/?s={search_term_string}"},"query-input":"required name=search_term_string"}],"inLanguage":"fr-FR"}]}</script>
<!-- / Yoast SEO plugin. -->

Les marchés gratuits - Viv(r)e la gratuité

Les prochains marchés gratuits auront lieu sous la Grenette, à la place du marché de Vevey : Galerie photo

Viv(r)e la gratuité

Organisateurs des marchés gratuits à Vevey
